157
What are the prime factors of 978?
2, 3, 163
What are the prime factors of 57901?
57901
What are the prime factors of 14231?
7, 19, 107
What are the prime factors of 28243?
61, 463
What are the prime factors of 1317?
3, 439
List the prime factors of 12284.
2, 37, 83
List the prime factors of 8037.
3, 19, 47
What are the prime factors of 1256?
2, 157
What are the prime factors of 1371?
3, 457
What are the prime factors of 1649?
17, 97
What are the prime factors of 179?
179
What are the prime factors of 33601?
33601
What are the prime factors of 9160?
2, 5, 229
List the prime factors of 7708.
2, 41, 47
What are the prime factors of 1824?
2, 3, 19
What are the prime factors of 122?
2, 61
What are the prime factors of 17689?
7, 19
List the prime factors of 2907.
3, 17, 19
What are the prime factors of 2391?
3, 797
What are the prime factors of 29285?
5, 5857
List the prime factors of 2763.
3, 307
What are the prime factors of 45?
3, 5
What are the prime factors of 40875?
3, 5, 109
What are the prime factors of 3427?
23, 149
List the prime factors of 1012.
2, 11, 23
List the prime factors of 842.
2, 421
What are the prime factors of 3830?
2, 5, 383
List the prime factors of 291.
3, 97
List the prime factors of 8472.
2, 3, 353
List the prime factors of 42924.
2, 3, 7, 73
What are the prime factors of 1852?
2, 463
What are the prime factors of 5461?
43, 127
List the prime factors of 20491.
31, 661
What are the prime factors of 333?
3, 37
What are the prime factors of 1273?
19, 67
What are the prime factors of 154222?
2, 29, 2659
What are the prime factors of 4891?
67, 73
List the prime factors of 6307.
7, 17, 53
List the prime factors of 1398.
2, 3, 233
List the prime factors of 1812.
2, 3, 151
List the prime factors of 11113.
11113
List the prime factors of 784.
2, 7
What are the prime factors of 3953?
59, 67
List the prime factors of 1264.
2, 79
What are the prime factors of 680?
2, 5, 17
List the prime factors of 5541.
3, 1847
List the prime factors of 1041.
3, 347
What are the prime factors of 134203?
43, 3121
List the prime factors of 46006.
2, 23003
List the prime factors of 7401.
3, 2467
What are the prime factors of 64778?
2, 7, 661
What are the prime factors of 15814?
2, 7907
List the prime factors of 37610.
2, 5, 3761
List the prime factors of 325.
5, 13
What are the prime factors of 1239?
3, 7, 59
What are the prime factors of 8885?
5, 1777
List the prime factors of 13852.
2, 3463
List the prime factors of 56189.
7, 23, 349
What are the prime factors of 20867?
7, 11, 271
List the prime factors of 455.
5, 7, 13
List the prime factors of 2410.
2, 5, 241
What are the prime factors of 10977?
3, 3659
List the prime factors of 17355.
3, 5, 13, 89
List the prime factors of 3660.
2, 3, 5, 61
List the prime factors of 444.
2, 3, 37
List the prime factors of 563.
563
List the prime factors of 645.
3, 5, 43
What are the prime factors of 388?
2, 97
List the prime factors of 1353.
3, 11, 41
List the prime factors of 41561.
13, 23, 139
What are the prime factors of 10598?
2, 7, 757
What are the prime factors of 1242?
2, 3, 23
What are the prime factors of 776?
2, 97
List the prime factors of 11505.
3, 5, 13, 59
What are the prime factors of 55130?
2, 5, 37, 149
List the prime factors of 99692.
2, 24923
List the prime factors of 20157.
3, 6719
List the prime factors of 134848.
2, 7, 43
What are the prime factors of 4578?
2, 3, 7, 109
What are the prime factors of 13494?
2, 3, 13, 173
What are the prime factors of 12489?
3, 23, 181
List the prime factors of 825.
3, 5, 11
What are the prime factors of 9355?
5, 1871
What are the prime factors of 16071?
3, 11, 487
What are the prime factors of 68211?
3, 11, 13, 53
List the prime factors of 108541.
108541
List the prime factors of 5678.
2, 17, 167
List the prime factors of 2825.
5, 113
What are the prime factors of 144?
2, 3
List the prime factors of 27637.
29, 953
What are the prime factors of 136511?
136511
What are the prime factors of 7033?
13, 541
List the prime factors of 772.
2, 193
What are the prime factors of 3054?
2, 3, 509
What are the prime factors of 3349?
17, 197
List the prime factors of 2373.
3, 7, 113
What are the prime factors of 843?
3, 281
List the prime factors of 105754.
2, 11, 19, 23
What are the prime factors of 75?
3, 5
What are the prime factors of 90460?
2, 5, 4523
List the prime factors of 5962.
2, 11, 271
List the prime factors of 28625.
5, 229
What are the prime factors of 33146?
2, 16573
What are the prime factors of 11969?
11969
What are the prime factors of 2677?
2677
What are the prime factors of 5974?
2, 29, 103
List the prime factors of 26141.
26141
List the prime factors of 2264.
2, 283
List the prime factors of 3635.
5, 727
What are the prime factors of 137?
137
What are the prime factors of 1082?
2, 541
What are the prime factors of 21879?
3, 11, 13, 17
List the prime factors of 499.
499
List the prime factors of 1098.
2, 3, 61
What are the prime factors of 4833?
3, 179
What are the prime factors of 26851?
11, 2441
What are the prime factors of 32452?
2, 7, 19, 61
List the prime factors of 2150.
2, 5, 43
What are the prime factors of 28?
2, 7
List the prime factors of 34451.
47, 733
What are the prime factors of 56315?
5, 7, 1609
What are the prime factors of 41929?
23, 1823
What are the prime factors of 3628?
2, 907
What are the prime factors of 21353?
131, 163
What are the prime factors of 684?
2, 3, 19
What are the prime factors of 11426?
2, 29, 197
What are the prime factors of 5841?
3, 11, 59
What are the prime factors of 2059?
29, 71
What are the prime factors of 335?
5, 67
What are the prime factors of 476?
2, 7, 17
What are the prime factors of 22308?
2, 3, 11, 13
What are the prime factors of 11877?
3, 37, 107
What are the prime factors of 37610?
2, 5, 3761
List the prime factors of 1455.
3, 5, 97
List the prime factors of 23774.
2, 11887
What are the prime factors of 19067?
23, 829
List the prime factors of 765.
3, 5, 17
What are the prime factors of 266?
2, 7, 19
List the prime factors of 2237.
2237
What are the prime factors of 2848?
2, 89
What are the prime factors of 1940?
2, 5, 97
List the prime factors of 1320.
2, 3, 5, 11
List the prime factors of 1663.
1663
What are the prime factors of 5277?
3, 1759
What are the prime factors of 1261?
13, 97
What are the prime factors of 37?
37
List the prime factors of 5287.
17, 311
What are the prime factors of 3980?
2, 5, 199
What are the prime factors of 1819?
17, 107
What are the prime factors of 34333?
13, 19, 139
What are the prime factors of 8305?
5, 11, 151
What are the prime factors of 12738?
2, 3, 11, 193
List the prime factors of 15954.
2, 3, 2659
What are the prime factors of 29329?
139, 211
What are the prime factors of 750?
2, 3, 5
List the prime factors of 77524.
2, 19381
What are the prime factors of 558?
2, 3, 31
List the prime factors of 74435.
5, 14887
List the prime factors of 62957.
157, 401
What are the prime factors of 7759?
7759
What are the prime factors of 13017?
3, 4339
What are the prime factors of 15203?
23, 661
List the prime factors of 3558.
2, 3, 593
List the prime factors of 6882.
2, 3, 31, 37
What are the prime factors of 58288?
2, 3643
List the prime factors of 1688.
2, 211
List the prime factors of 1213.
1213
What are the prime factors of 756?
2, 3, 7
What are the prime factors of 864?
2, 3
List the prime factors of 14066.
2, 13, 541
List the prime factors of 165122.
2, 82561
List the prime factors of 25878.
2, 3, 19, 227
List the prime factors of 408.
2, 3, 17
What are the prime factors of 5677?
7, 811
List the prime factors of 31672.
2, 37, 107
What are the prime factors of 20536?
2, 17, 151
What are the prime factors of 10506?
2, 3, 17, 103
What are the prime factors of 5139?
3, 571
What are the prime factors of 450?
2, 3, 5
What are the prime factors of 47333?
11, 13, 331
List the prime factors of 1492.
2, 373
What are the prime factors of 19539?
3, 13, 167
List the prime factors of 11110.
2, 5, 11, 101
What are the prime factors of 4824?
2, 3, 67
List the prime factors of 991.
991
What are the prime factors of 4997?
19, 263
List the prime factors of 1386.
2, 3, 7, 11
List the prime factors of 1899.
3, 211
What are the prime factors of 1491?
3, 7, 71
List the prime fac